{"id":1713,"date":"2020-02-12T11:02:12","date_gmt":"2020-02-12T10:02:12","guid":{"rendered":"https:\/\/www.nexusproskills.it\/?page_id=1713"},"modified":"2024-02-15T10:35:43","modified_gmt":"2024-02-15T09:35:43","slug":"privacy","status":"publish","type":"page","link":"https:\/\/www.nexusproskills.it\/index.php\/privacy\/","title":{"rendered":"Privacy Policy"},"content":{"rendered":"\t\t<div data-elementor-type=\"wp-page\" data-elementor-id=\"1713\" class=\"elementor elementor-1713\">\n\t\t\t\t\t\t<section class=\"elementor-section elementor-top-section elementor-element elementor-element-ba9cf00 elementor-section-boxed elementor-section-height-default elementor-section-height-default\" data-id=\"ba9cf00\" data-element_type=\"section\">\n\t\t\t\t\t\t<div class=\"elementor-container elementor-column-gap-default\">\n\t\t\t\t\t<div class=\"aux-parallax-section elementor-column elementor-col-100 elementor-top-column elementor-element elementor-element-2ba1e06\" data-id=\"2ba1e06\" data-element_type=\"column\">\n\t\t\t<div class=\"elementor-widget-wrap elementor-element-populated\">\n\t\t\t\t\t\t<div class=\"elementor-element elementor-element-865d802 elementor-widget elementor-widget-spacer\" data-id=\"865d802\" data-element_type=\"widget\" data-widget_type=\"spacer.default\">\n\t\t\t\t<div class=\"elementor-widget-container\">\n\t\t\t\t\t\t\t<div class=\"elementor-spacer\">\n\t\t\t<div class=\"elementor-spacer-inner\"><\/div>\n\t\t<\/div>\n\t\t\t\t\t\t<\/div>\n\t\t\t\t<\/div>\n\t\t\t\t\t<\/div>\n\t\t<\/div>\n\t\t\t\t\t<\/div>\n\t\t<\/section>\n\t\t\t\t<section class=\"elementor-section elementor-top-section elementor-element elementor-element-5baa7c6 elementor-section-boxed elementor-section-height-default elementor-section-height-default\" data-id=\"5baa7c6\" data-element_type=\"section\">\n\t\t\t\t\t\t<div class=\"elementor-container elementor-column-gap-default\">\n\t\t\t\t\t<div class=\"aux-parallax-section elementor-column elementor-col-100 elementor-top-column elementor-element elementor-element-2db6a4c\" data-id=\"2db6a4c\" data-element_type=\"column\">\n\t\t\t<div class=\"elementor-widget-wrap elementor-element-populated\">\n\t\t\t\t\t\t<div class=\"elementor-element elementor-element-e1a07f2 elementor-widget elementor-widget-text-editor\" data-id=\"e1a07f2\" data-element_type=\"widget\" data-widget_type=\"text-editor.default\">\n\t\t\t\t<div class=\"elementor-widget-container\">\n\t\t\t\t\t\t\t\t\t<h3 style=\"text-align: center;\">Privacy Policy NXS<\/h3>\t\t\t\t\t\t\t\t<\/div>\n\t\t\t\t<\/div>\n\t\t\t\t\t<\/div>\n\t\t<\/div>\n\t\t\t\t\t<\/div>\n\t\t<\/section>\n\t\t\t\t<section class=\"elementor-section elementor-top-section elementor-element elementor-element-7a23ab9 elementor-section-boxed elementor-section-height-default elementor-section-height-default\" data-id=\"7a23ab9\" data-element_type=\"section\">\n\t\t\t\t\t\t<div class=\"elementor-container elementor-column-gap-default\">\n\t\t\t\t\t<div class=\"aux-parallax-section elementor-column elementor-col-100 elementor-top-column elementor-element elementor-element-d2b7102\" data-id=\"d2b7102\" data-element_type=\"column\">\n\t\t\t<div class=\"elementor-widget-wrap elementor-element-populated\">\n\t\t\t\t\t\t<div class=\"elementor-element elementor-element-1155c37 elementor-widget__width-initial elementor-widget elementor-widget-text-editor\" data-id=\"1155c37\" data-element_type=\"widget\" data-widget_type=\"text-editor.default\">\n\t\t\t\t<div class=\"elementor-widget-container\">\n\t\t\t\t\t\t\t\t\t<p><strong>PRIVACY POLICY\u00a0<\/strong><\/p><p>informazioni relative alla privacy policy del sito di NXS S.r.l.<\/p><p>1. In questa sezione sono contenute le informazioni relative alle modalit\u00e0 di gestione di https:\/\/www.nexusproskills.it in riferimento al trattamento dei dati degli interessati.<\/p><p>2. La presente informativa ha valore anche ai fini dell&#8217;art. 13 del D.Lgs. n. 196\/2003, Codice in materia di protezione dei dati personali, e ai fini dell&#8217;articolo 13 del Regolamento UE n. 2016\/679, relativo alla protezione delle persone fisiche con riguardo al trattamento dei dati personali, nonch\u00e9 alla libera circolazione di tali dati, per i soggetti che interagiscono con https:\/\/www.nexusproskills.it ed \u00e8 raggiungibile all&#8217;indirizzo corrispondente alla pagina iniziale: https:\/\/www.nexusproskills.it<\/p><p>3. L&#8217;informativa \u00e8 resa per https:\/\/www.nexusproskills.it non anche per altri siti web eventualmente consultati dall&#8217;utente tramite link in esso contenuti.<\/p><p>4. Scopo del presente documento \u00e8 fornire indicazioni circa le modalit\u00e0, i tempi e la natura delle informazioni che i titolari del trattamento devono fornire agli utenti al momento della connessione alle pagine web di https:\/\/www.nexusproskills.it indipendentemente dagli scopi del collegamento stesso, secondo la legislazione Italiana ed Europea.<\/p><p>5. L&#8217;informativa pu\u00f2 subire modifiche a causa dell&#8217;introduzione di nuove norme al riguardo, si invita pertanto l&#8217;utente a controllare periodicamente la presente pagina.<\/p><p>6. Se l&#8217;utente ha et\u00e0 inferiore a 16 anni, ai sensi dell&#8217;art.8, c.1 regolamento UE 2016\/679, dovr\u00e0 legittimare il suo consenso attraverso l&#8217;autorizzazione dei genitori o di chi ne fa le veci.<\/p><p><strong>I &#8211; TRATTAMENTO DEI DATI<\/strong><\/p><p><strong>1-Titolare dei Dati<\/strong><\/p><p>1. Il titolare del trattamento \u00e8 la persona fisica o giuridica, l&#8217;autorit\u00e0 pubblica, il servizio o altro organismo che, singolarmente o insieme ad altri, determina le finalit\u00e0 e i mezzi del trattamento di dati personali. Si occupa anche dei profili sulla sicurezza.<\/p><p>2. Relativamente al presente sito web il titolare del trattamento \u00e8: NXS s.r.l. (di seguito denominato anche soltanto con l\u2019acronimo NXS) con sede in Pescara, Via Vicinale Torretta snc, e-mail: info.nxs@uditemi.it, PEC: nxs@pec.it , centralino +39 085.4315367.<\/p><p><strong>2-DPO<\/strong><\/p><p>1. NXS ha nominato un Data Protection Officer ai sensi dell\u2019art. 37 del regolamento UE n. 2016\/679, contattabile al seguente indirizzo e-mail: dpo@uditemi.it<\/p><p><strong>3-Luogo trattamento dati<\/strong><\/p><p>1. Il trattamento dei dati generato dall&#8217;utilizzo di https:\/\/www.nexusproskills.it avviene presso Pescara, Via Torretta snc.<\/p><p><strong>4\u2013Finalit\u00e0 e base giuridica del trattamento<\/strong><\/p><p>1. I dati raccolti dal sito durante il suo funzionamento sono utilizzati per finalit\u00e0 sopra indicate e per le seguenti finalit\u00e0:<\/p><p>a) Registrazione, accesso al profilo personale e invio di candidature on line mediante inserimento dei dati richiesti e del C.V. sul portale online del sito https:\/\/www.nexusproskills.it;<\/p><p>b) Valutare la candidatura dell\u2019interessato;<\/p><p>c) Fornire informazioni;<\/p><p>d) Comunicare con l\u2019interessato;<\/p><p>e) Adempiere ad obblighi legali;<\/p><p>f) Iscrizione alla newsletter e ricezione di comunicazioni;<\/p><p>g) Marketing diretto e di terze parti.<\/p><p>2. la base giuridica del trattamento \u00e8 costituita dall\u2019art. 6 GDPR, lettere:<\/p><p>a) l&#8217;interessato ha espresso il consenso al trattamento dei propri dati personali per una o pi\u00f9 specifiche finalit\u00e0 (finalit\u00e0 di cui alla lett. g);<\/p><p>b) il trattamento \u00e8 necessario all&#8217;esecuzione di un contratto di cui l&#8217;interessato \u00e8 parte o all&#8217;esecuzione di misure precontrattuali adottate su richiesta dello stesso (finalit\u00e0 di cui alle lettere a, b, c);<\/p><p>c) il trattamento \u00e8 necessario per adempiere un obbligo legale al quale \u00e8 soggetto il titolare del trattamento (finalit\u00e0 di cui alla lettera e);<\/p><p>f) il trattamento \u00e8 necessario per il perseguimento del legittimo interesse del titolare del trattamento o di terzi, a condizione che non prevalgano gli interessi o i diritti e le libert\u00e0 fondamentali dell&#8217;interessato che richiedono la protezione dei dati personali, in particolare se l&#8217;interessato \u00e8 un minore (finalit\u00e0 di cui alla lettera f).<\/p><p>3. Laddove vengano trattati dei dati appartenenti a categorie particolari, come ad esempio origine razziale, appartenenza etnica, orientamento sessuale, appartenenza al sindacato, salute, ecc, verr\u00e0 richiesto all\u2019interessato un apposito consenso ai sensi dell\u2019art. 9, lett. a) GDPR.<\/p><p><strong>5\u2013Dati personali oggetto di trattamento<\/strong><\/p><p>1.Sono oggetto di trattamento i seguenti dati personali:<\/p><p>a. nome e cognome;<\/p><p>b. indirizzo e-mail;<\/p><p>c. numero di telefono;<\/p><p>d. nome utente;<\/p><p>e. curriculum vitae;<\/p><p>f. indirizzo Internet protocol (IP);<\/p><p>g. tipo di browser e parametri del dispositivo usato per connettersi al sito;<\/p><p>h. nome dell&#8217;internet service provider (ISP);<\/p><p>i. data e orario di visita;<\/p><p>j. pagina web di provenienza del visitatore (referral) e di uscita;<\/p><p>k. eventualmente il numero di click.<\/p><p>2.Potrebbero essere oggetto di trattamento anche i dati appartenenti a categorie particolari (dati personali che rivelino l&#8217;origine razziale o etnica, le opinioni politiche, le convinzioni religiose o filosofiche, o l&#8217;appartenenza sindacale, dati genetici, dati biometrici, dati relativi alla salute o alla vita sessuale o all&#8217;orientamento sessuale della persona) per i quali verr\u00e0 richiesto un apposito consenso al trattamento.<\/p><p>3. A fini di sicurezza (filtri antispam, firewall, rilevazione virus), i dati registrati automaticamente possono eventualmente comprendere anche dati personali come l&#8217;indirizzo Ip, che potrebbe essere utilizzato,<\/p><p>conformemente alle leggi vigenti in materia, al fine di bloccare tentativi di danneggiamento al sito medesimo o di recare danno ad altri utenti, o comunque attivit\u00e0 dannose o costituenti reato. Tali dati non sono mai utilizzati per l&#8217;identificazione o la profilazione dell&#8217;utente, ma solo a fini di tutela del sito e dei suoi utenti, tali informazioni saranno trattate in base ai legittimi interessi del titolare.<\/p><p>4. In caso di specifici servizi richiesti dall&#8217;utente, ivi compresi la possibilit\u00e0 di inserire un\u2019e-mail per essere ricontattati o per la registrazione, il sito rileva automaticamente e registra alcuni dati identificativi dell&#8217;utente, compreso l&#8217;indirizzo mail. Tali dati si intendono volontariamente forniti dall&#8217;utente al momento della richiesta di erogazione del servizio. Inserendo un commento o altra informazione l&#8217;utente accetta espressamente l&#8217;informativa privacy, e in particolare acconsente che i contenuti inseriti siano liberamente diffusi anche a terzi. I dati ricevuti verranno utilizzati esclusivamente per l&#8217;erogazione del servizio richiesto e per il solo tempo necessario per la fornitura del servizio.<\/p><p>5. Le informazioni che gli utenti del sito riterranno di rendere pubbliche tramite i servizi e gli strumenti messi a disposizione degli stessi, anche sui canali social di NXS, sono fornite dall\u2019utente consapevolmente e volontariamente, esentando il presente sito da qualsiasi responsabilit\u00e0 in merito ad eventuali violazioni delle leggi. Spetta all\u2019utente verificare di avere i permessi per l\u2019immissione di dati personali di terzi o di contenuti tutelati dalle norme nazionali ed internazionali.<\/p><p><strong>6-Modalit\u00e0 di trattamento dei dati<\/strong><\/p><p>1. I dati personali dell\u2019interessato vengono trattati principalmente in forma automatizzata e raccolti in forma esclusivamente aggregata al fine di verificare il corretto funzionamento del sito e per motivi di sicurezza.<\/p><p>3. I dati utilizzati a fini di sicurezza (blocco tentativi di danneggiamento del sito) sono conservati per il tempo strettamente necessario al raggiungimento del fine anteriormente indicato.<\/p><p>4. Le suddette informazioni sono trattate in forma automatizzata e raccolte in forma esclusivamente aggregata al fine di verificare il corretto funzionamento del sito, e per motivi di sicurezza. Tali informazioni saranno trattate in base ai legittimi interessi del titolare.<\/p><p><strong>7-Misure di sicurezza<\/strong><\/p><p>1. Il Titolare del trattamento adotta sia misure di sicurezza volte ad impedire accessi non autorizzati, divulgazione, modifica o distruzione non autorizzata dei dati. Il trattamento viene effettuato mediante strumenti informatici e\/o telematici, con modalit\u00e0 organizzative e con logiche strettamente correlate alle finalit\u00e0 indicate (appositi protocolli di trattamento e formazione per i dipendenti; backup periodici, rinnovi periodici delle password, account personali, antivirus, filtri antispam, firewall, rilevazione virus).<\/p><p><strong>8-Tempo di conservazione dei dati<\/strong><\/p><p>1. La conservazione dei dati sar\u00e0 effettuata per il periodo strettamente necessario al raggiungimento della finalit\u00e0 sopra indicata e comunque non superiore a 36 mesi per le finalit\u00e0 di marketing e non superiore a 10 anni quando ad esito dell\u2019invio della candidatura, il candidato venga selezionato (ex art. 2220 c.c.).<\/p><p>2. In caso di revoca del consenso i dati saranno immediatamente cancellati ovvero resi anonimi.<\/p><p>3. I dati utilizzati a fini di sicurezza (blocco tentativi di danneggiamento del sito) sono conservati per il tempo strettamente necessario al raggiungimento del fine anteriormente indicato.<\/p><p>9- Trasferimento dei dati<\/p><p>1. Per il trattamento dei dati il Titolare si potr\u00e0 avvalere sia dei propri dipendenti, appositamente formati sulle corrette modalit\u00e0 di trattamento, sia di soggetti esterni, designati responsabili del trattamento ai sensi dell\u2019art. 28 GDPR.<\/p><p>2. Potrebbero essere designati responsabili del trattamento: consulente del lavoro, commercialista, agenzie per il lavoro, le societ\u00e0 partner del Titolare (NXS S.r.l.); fornitori di servizi tecnici terzi, corrieri postali, hosting provider, societ\u00e0 informatiche<\/p><p>3. Laddove previsto dalla normativa vigente i dati dell\u2019interessato potranno anche essere consegnati alle autorit\u00e0 pubbliche<\/p><p><strong>II. DIRITTI DELL&#8217;UTENTE<\/strong><\/p><p>1. L&#8217;art. 13, c. 2 del Regolamento UE 2016\/679 elenca i diritti dell&#8217;utente. 2. Il sito https:\/\/www.nexusproskills.it intende pertanto informare l&#8217;utente sull&#8217;esistenza:<\/p><p>\u2013 del diritto dell&#8217;interessato di chiedere al titolare l&#8217;accesso ai dati personali (art. 15 Regolamento UE), il loro aggiornamento (art. 7, co. 3, lett. a) D.Lgs. 196\/2003), la rettifica (art. 16 Regolamento UE), l&#8217;integrazione (art. 7, co. 3, lett. a) D.Lgs. 196\/2003) o la limitazione del trattamento che lo riguardino (art. 18 Regolamento UE) o di opporsi, per motivi legittimi, al loro trattamento (art. 21 Regolamento UE), oltre al diritto alla portabilit\u00e0 dei dati (art. 20 Regolamento UE);<\/p><p>&#8211; del diritto di chiedere la cancellazione (art. 17 Regolamento UE), la trasformazione in forma anonima o il blocco dei dati trattati in violazione di legge, compresi quelli di cui non \u00e8 necessaria la conservazione in relazione agli scopi per i quali i dati sono stati raccolti o successivamente trattati (art. 7, co. 3, lett. b) D.Lgs. 196\/2003);<\/p><p>\u2013 del diritto di ottenere l&#8217;attestazione che le operazioni di aggiornamento, rettificazione, integrazione dei dati, cancellazione, blocco dei dati, trasformazione sono state portate a conoscenza, anche per quanto riguarda il loro contenuto, di coloro ai quali i dati sono stati comunicati o diffusi, eccettuato il caso in cui tale adempimento si rivela impossibile o comporta un impiego di mezzi manifestamente sproporzionato rispetto al diritto tutelato (art. 7, co. 3, lett. c) D.lgs. 196\/2003);<\/p><p>3. Le richieste possono essere indirizzate al titolare del trattamento, senza formalit\u00e0 o, in alternativa, utilizzando il modello previsto dal Garante per la Protezione dei Dati Personali, o inviando una mail all&#8217;indirizzo: info.nxs@uditemi.it.<\/p><p>4. Qualora il trattamento sia basato sull&#8217;art. 6, paragrafo 1, lett. a) \u2013 consenso espresso all&#8217;utilizzo l&#8217;utente ha il diritto di revocare il consenso in qualsiasi momento senza pregiudicare la liceit\u00e0 del trattamento basata sul consenso prestato prima della revoca.<\/p><p>5. Parimenti, in caso di violazione della normativa, l&#8217;utente ha il diritto di proporre reclamo presso il Garante per la Protezione dei Dati Personali, quale autorit\u00e0 preposta al controllo sul trattamento nello Stato Italiano.<\/p><p>6. Per ulteriori approfondimenti dei diritti che Le competono, si vedano gli artt. 15 e ss. del Regolamento UE 2016\/679 e l&#8217;art. 7 del D.Lgs. 196\/2003.<\/p><p><strong>IV. MODIFICHE AL PRESENTE DOCUMENTO<\/strong><\/p><p>1. Il presente documento, pubblicato all&#8217;indirizzo: https:\/\/www.nexusproskills.it<\/p><p>costituisce la privacy policy di questo sito.<\/p><p>2. Esso pu\u00f2 essere soggetto a modifiche o aggiornamenti. Qualora si tratti di modifiche ed aggiornamenti rilevanti questi saranno segnalati con apposite notifiche agli utenti.<\/p><p>3. Le versioni precedenti del documento saranno comunque consultabili a questa pagina.<\/p><p>4. Il documento \u00e8 stato aggiornato in data 12.02.2024 in conformit\u00e0 alle disposizioni normative in materia, ed in particolare in conformit\u00e0 al Regolamento UE 2016\/679.<\/p>\t\t\t\t\t\t\t\t<\/div>\n\t\t\t\t<\/div>\n\t\t\t\t\t<\/div>\n\t\t<\/div>\n\t\t\t\t\t<\/div>\n\t\t<\/section>\n\t\t\t\t<\/div>\n\t\t","protected":false},"excerpt":{"rendered":"<p>Privacy policy di NXS<\/p>\n","protected":false},"author":6,"featured_media":0,"parent":0,"menu_order":0,"comment_status":"closed","ping_status":"closed","template":"templates\/page-builder-content.php","meta":{"_themeisle_gutenberg_block_has_review":false,"footnotes":""},"class_list":["post-1713","page","type-page","status-publish","hentry"],"aioseo_notices":[],"_links":{"self":[{"href":"https:\/\/www.nexusproskills.it\/index.php\/wp-json\/wp\/v2\/pages\/1713","targetHints":{"allow":["GET"]}}],"collection":[{"href":"https:\/\/www.nexusproskills.it\/index.php\/wp-json\/wp\/v2\/pages"}],"about":[{"href":"https:\/\/www.nexusproskills.it\/index.php\/wp-json\/wp\/v2\/types\/page"}],"author":[{"embeddable":true,"href":"https:\/\/www.nexusproskills.it\/index.php\/wp-json\/wp\/v2\/users\/6"}],"replies":[{"embeddable":true,"href":"https:\/\/www.nexusproskills.it\/index.php\/wp-json\/wp\/v2\/comments?post=1713"}],"version-history":[{"count":26,"href":"https:\/\/www.nexusproskills.it\/index.php\/wp-json\/wp\/v2\/pages\/1713\/revisions"}],"predecessor-version":[{"id":8944,"href":"https:\/\/www.nexusproskills.it\/index.php\/wp-json\/wp\/v2\/pages\/1713\/revisions\/8944"}],"wp:attachment":[{"href":"https:\/\/www.nexusproskills.it\/index.php\/wp-json\/wp\/v2\/media?parent=1713"}],"curies":[{"name":"wp","href":"https:\/\/api.w.org\/{rel}","templated":true}]}}